n. Let a(v) = 7*f(v) - 2*y(v). Determine a(5).
3
Suppose 3*b = 6, -g + 0*b + 49 = b. Let a(c) = -25 + g - 24 + 2*c**2. Determine a(3).
16
Let c(k) = 13*k**3 + k**2 + k + 1. Let a be 9/(-6)*(-22)/(-33). Determine c(a).
-12
Let w be (-1)/((-4)/(2 + 2)). Let x(q) = 7*q**2 + q. Determine x(w).
8
Suppose -3*p + 2*z - 12 = 4*z, -3*p = 3*z + 15. Let d(r) be the first derivative of 1/3*r**3 - 3 - 1/2*r**2 + r. Calculate d(p).
7
Let m(f) = -f. Let n = 6 - 2. Let u be (-8)/(-10)*10/n. Suppose u = -3*x - 7. Give m(x).
3
Let k(u) = u - 1. Let x = -33 - -22. Let j = 7 + x. Let q be (j/(-2))/(-2) - 2. Calculate k(q).
-4
Let p(r) = -r + r - 2 + r. Let z = 0 - -3. Give p(z).
1
Let k(t) be the third derivative of -t**4/12 + t**3/3 + t**2. Let p = -172 - -102. Let w be (-1)/(-5) + p/(-25). Determine k(w).
-4
Let d(k) = k**2 - 9. Let s = -2 + 2. Determine d(s).
-9
Let l(z) = 3*z + 2. Let w(u) = 6*u + 3. Let c(b) = 11*l(b) - 6*w(b). What is c(4)?
-8
Let w(l) = -l**3 + 0 + 0 + 114*l + l**2 - 112*l. Let u be w(2). Let c(x) = x**3 - x**2 - 6. What is c(u)?
-6
Let w(l) = 0*l + l + 6 + 1. Let o = -9 + 4. Give w(o).
2
Let j(s) = -2*s - 9. Let k be j(-6). Let h(t) = 2*t + 4. Calculate h(k).
10
Let x(j) = j - 6. Suppose 2*l + 2 = -4. Let k be -1 + 0 + l/(-3). Give x(k).
-6
Let w(g) = -g + 2. Let n be (-2 + 0)/(2/(-1)). Let m be w(n). Let y(q) = 2*q + 1. What is y(m)?
3
Suppose 0 = a + 2*n + 10, -5*a + 4*n = -6 - 14. Let h(c) = -c**3 + c**2 - 8. Give h(a).
-8
Let u(r) = -3*r - 8. Suppose 14 = -f + 4*z, -3 = f - 2*z + 5. Let t(d) = -3*d**2 - 6*d - 6. Let w be t(f). Determine u(w).
10
Let q(h) be the first derivative of h**2 - h - 5. Give q(1).
1
Let d be 21/(-14)*4/(-2). Let j(f) be the third derivative of 0*f**d + 2*f**2 - 1/10*f**5 + 0 - 1/24*f**4 + 0*f. What is j(1)?
-7
Let m(c) = -3*c**3 - 6*c**2 - 7*c + 6. Let z(b) = b**3 + b - 1. Let t(i) = -m(i) - 2*z(i). Calculate t(-5).
-4
Let i(o) be the third derivative of -o**7/2520 - o**6/180 + o**5/20 + 11*o**4/24 - 2*o**2. Let x(d) be the second derivative of i(d). Calculate x(-6).
-6
Let c be (-17 - -10) + -1*1. Let r(w) = w + 6. Let x be r(c). Let o(q) = q - 3*q + 5*q + 2 - q**3 - q**2. What is o(x)?
0
Let w be ((-4)/(-6))/((-2)/(-12)). Let x(l) = -4*l + 2*l - l + w*l. Calculate x(-5).
-5
Suppose -u - 4*u - 185 = 0. Let h = -63 - u. Let d be h/(-7) - 8/(-28). Let v(m) = m**3 - 5*m**2 + 4*m - 4. Calculate v(d).
-4
Let d(k) = 2*k + 1. Let p be ((-15)/(-6) + -2)*6. Suppose 2*u + 23 = 7*u + 2*g, 0 = -5*u - p*g + 27. Suppose u*o = 7*o - 5*c + 8, -2 = -2*o + c. What is d(o)?
7
Suppose 2*n + 30 = -3*n. Let i(j) = -j**3 - 5*j**2 + 7*j - 1. Give i(n).
-7
Let k(i) = -2*i - 7. Let g(n) = -1. Let w(t) = 5*g(t) - k(t). What is w(5)?
12
Let c(p) = -p**3 + 5*p + 4. Let g be 4/(-16) - (-11)/(-4). Calculate c(g).
16
Let a(h) = 3*h + 1. Let l be (-18)/30 + 144/15. Let g(t) = -t**2 + 9*t - 1. Let j be g(l). Give a(j).
-2
Let c(t) = -t**3 + 4*t**2 + t. Let x be c(4). Suppose 0 = 4*v + x. Let l be (-3 + 2)/(v/(-5)). Let h(p) = p**2 + 4*p - 2. What is h(l)?
3
Let o(f) = 13*f - 5. Let i be (-16)/(-6)*15/10. Let n(z) = 14*z - 6. Let g(v) = i*n(v) - 5*o(v). What is g(1)?
-8
Let s(j) be the second derivative of -j**4/12 + 5*j**3/6 - j**2 - 2*j. Give s(3).
4
Let x(k) = -k**2 - 6*k**2 + 5 + k**3 + 4*k + k**2. Let s(i) = 6*i - 6. Let g be s(6). Let p = g - 25. Calculate x(p).
0
Let q(h) be the first derivative of -h**4/4 - 5*h**3/3 - h**2 - h + 2. Calculate q(-4).
-9
Let t be (-20)/(-9) - 18/81. Let q(d) be the first derivative of -4 - t*d + 3/2*d**2. What is q(2)?
4
Suppose 5*g - 3*c = -2, 3 = -4*g + 4*c - 5. Let q(j) = -2*j - 3 - j**g + 4 + 1. What is q(-4)?
-6
Let f(p) be the first derivative of 2*p**3/3 - 3*p**2 + 4*p - 5. Give f(5).
24
Let v(y) = -10*y**2 + 2*y - 1. Let w = 1 - 0. Calculate v(w).
-9
Suppose 4 = -s - 3*b - 1, 10 = -5*b. Let l(r) be the first derivative of -1/3*r**3 + 3*r**2 + 0*r + s. What is l(5)?
5
Let s be ((-20)/(-36))/((-4)/(-6)). Let i(v) be the second derivative of -2*v - s*v**3 + 0 + 1/2*v**2. Calculate i(1).
-4
Let p(c) = -c**2 - 5*c + 5. Suppose 0 = -35*i + 38*i + 12. What is p(i)?
9
Let b = -94 + 92. Let i(h) = -h**3 + h**2 + h - 1. Let j(l) = 4*l**3 - 2*l + 3. Let k(n) = 3*i(n) + j(n). Determine k(b).
2
Let y(b) = -2*b**2 + 2*b + 2. Let o be -5 + 1 - (1 - 3). Calculate y(o).
-10
Let q(h) = 4*h**3 - h**2 - h. Let f(k) = -7 - 2*k**3 + k + 0*k + k**3 + 5*k**2 + 6*k. Let j be f(6). Determine q(j).
-4
Let k(b) = b**3 + b**2 + b - 5. Let d be k(0). Suppose 2*s = 4*x, -x = -3*x + 2*s - 4. Let m(t) = 2 - 5 + x*t + 10. Determine m(d).
-3
Let u(l) be the first derivative of l**3/3 - 2*l + 8. What is u(4)?
14
Let b(r) = -r**2 - 9*r - 13. Let v be b(-7). Let c(l) be the first derivative of v + l**2 - 2/3*l**3 - l. Determine c(2).
-5
Let c = -65 - -65. Let a(u) = -u**2 - u + 9. What is a(c)?
9
Let g = -3 - -5. Let h(f) = g*f**2 - 7*f**2 - f**3 - 6 - 4*f + 2. Let n = -2 + -2. Give h(n).
-4
Let p(s) be the third derivative of 1/12*s**4 + 2/3*s**3 + 0*s + 0 - 2*s**2. Suppose -2 = c + 3. Calculate p(c).
-6
Suppose d = 3 + 1. Let v = d - 6. Let s(q) be the third derivative of q**6/120 + q**5/15 + q**4/24 + q**3/6 + q**2. Give s(v).
7
Suppose b + 4 = -b. Let y be b/(-3) - 2/(-6). Let r(c) = -4*c**2 + 2*c + y + 3*c**2 + 1. Determine r(3).
-1
Let t(f) = -6*f**2 - 3*f. Let b(n) = n**2 - n - 1. Suppose -3*c - 3 - 9 = 0. Let w(v) = c*b(v) - t(v). Suppose -4*p = 8 + 4, 29 = -5*a - 3*p. Give w(a).
8
Suppose 0 = b + b - 18. Let x = b - 7. Let c(w) = -2*w. Calculate c(x).
-4
Let i(v) = v + 2. Let a be i(-2). Suppose a*b - 2*b = -10. Let s be 2/b + 4/(-10). Let f(l) = l**2 + l + 9. What is f(s)?
9
Let d(u) = 3*u - 5. Let w(v) = -13*v + 19. Let b(l) = 9*d(l) + 2*w(l). Determine b(3).
-4
Let a(l) = -10*l**3 + 2*l**2 + l + l**3 + 1 - 3*l. Suppose 7 = -k + 3*h, 3*k - 7 = 2*h - 0. Suppose -4*x = m - k, 5*x = -0*x + 5*m. Determine a(x).
-8
Let f be -4 - -5 - 5*2. Let l(q) = -6*q - 5. Let y(j) = 25*j + 21. Let o(k) = f*l(k) - 2*y(k). Suppose -3*i - 5 = 1. Calculate o(i).
-5
Let g(k) = -k - 8. Suppose -4*j + 20 = -9*j - 4*s, 0 = s + 5. What is g(j)?
-8
Let l = -12 + 10. Let f(q) = -2*q - 6. Let b be f(l). Let m(s) = s**3 + 3*s**2 + s - 1. What is m(b)?
1
Let h(n) = -10*n**3 + 9*n + 15. Let x(b) = 5*b**3 - 4*b - 7. Let v(k) = 6*h(k) + 13*x(k). Let f = -3 - -4. Determine v(f).
6
Suppose 0*j - 2*j + 12 = 0. Let o(g) = j*g - 7 - 2*g + g**2 + 2. What is o(-4)?
-5
Let u(z) = -z**3 - 3*z**2 - z - 1. Let x = 1 + -10. Let p be (x/(-3))/(0 - 1). Let m be u(p). Let f(b) = b**3 - b**2 - 2*b + 1. Calculate f(m).
1
Let q(s) = -2*s**2 - 13*s**3 + 14*s**3 - 3*s + s. What is q(-2)?
-12
Let m(l) = -16*l - 3 + 11*l + 7*l + 5. Determine m(3).
8
Suppose 3*n - 156 + 165 = 0. Let o(q) = -6*q - 2. What is o(n)?
16
Let v(q) be the third derivative of 5/12*q**4 - 1/6*q**3 + 0 + 0*q - 3*q**2. Determine v(1).
9
Let x(w) = -w**3 - 11*w**2 - 10*w + 2. Let r be x(-10). Let h(q) = -q**2 - r - 3 - 4*q + 7 + 2. Give h(-6).
-8
Let d(h) be the first derivative of -h**2/2 - h + 48. Give d(6).
-7
Let a(r) = -r - 3. Let d be (11 - 7)*2/(-2). Give a(d).
1
Let b(d) = -5*d - 6. Let m be b(-2). Let r(s) = -s**3 + 3*s**2 + 3*s + 2. Give r(m).
-2
Let v(x) = -x - 5. Suppose 5 = -4*n + 3*y, -5*n + 0*n = 3*y + 40. Give v(n).
0
Let y(p) = 3*p**2 + 3*p - 1. Let w(i) = -i**2 + i. Let k(l) = -2*w(l) - y(l). Determine k(-4).
5
Let j(i) be the first derivative of i - 2 + 0*i**2 + 0*i**3 - 1/4*i**4. Let w be 63/35 - 2/(-10). Determine j(w).
-7
Let p be 0 + 0 - (0 - 1). Let d(o) = -2*o**2 + 0*o + 2*o**2 + o + o**2. What is d(p)?
2
Let c be ((-2)/(-4))/(1/(-6)). Let p(w) be the third derivative of 2*w**2 + 2/3*w**3 - 1/24*w**4 + 0*w + 0. Determine p(c).
7
Suppose 0*x + 3*x = 5*f - 4, -f - 2 = -2*x. Let v(h) = -2*h**2 + 0*h + 3*h**2 - f*h + 3*h. Give v(0).
0
Let l(u) = u**2 - u - 8. Let q(x) = -x**3 + 11*x**2 - 9*x - 10. Suppose 2 = 4*d - 6, -20 = -3*m + 5*d. Let z be q(m). What is l(z)?
-8
Let p be (-7)/(147/6) + (-38)/14. Let c(b) = b**3 + 5*b**2 - 5. Let z(r) = r**3 + 6*r**2 + r - 6. Let k(v) = 5*c(v) - 4*z(v). Calculate k(p).
-7
Let s = -19 + 12. Let f(b) = b**2 + 7*b + 6. What is f(s)?
6
Let b(w) be the third derivative of 1/2*w**3 + 0*w + 0 + 3*w**2 + 1/24*w**4. Suppose 2*x = -3*j - 11, -2*j - 5*x = -